 highest common factor of 33 and 11?
11
Calculate the greatest common factor of 104 and 78.
26
Calculate the greatest common factor of 2925 and 117.
117
What is the highest common divisor of 108 and 222?
6
What is the highest common factor of 10373 and 506?
253
Calculate the greatest common divisor of 344 and 301.
43
What is the highest common divisor of 8051 and 97?
97
Calculate the highest common factor of 36 and 10566.
18
Calculate the greatest common factor of 8524 and 4.
4
What is the greatest common factor of 1634 and 38?
38
What is the highest common factor of 17 and 1649?
17
What is the highest common divisor of 1908 and 153?
9
What is the highest common factor of 232 and 16?
8
What is the greatest common factor of 1073 and 667?
29
Calculate the highest common divisor of 544 and 48.
16
What is the greatest common divisor of 12 and 726?
6
Calculate the highest common factor of 83 and 332.
83
What is the highest common factor of 28 and 3010?
14
What is the greatest common factor of 250 and 23875?
125
What is the highest common divisor of 1479 and 174?
87
What is the highest common divisor of 22 and 1606?
22
Calculate the highest common factor of 2009 and 196.
49
Calculate the highest common divisor of 1917 and 675.
27
Calculate the highest common factor of 4251 and 78.
39
Calculate the greatest common divisor of 8 and 24.
8
What is the greatest common divisor of 649 and 11?
11
What is the greatest common factor of 3516 and 12?
12
What is the highest common divisor of 150 and 480?
30
Calculate the highest common divisor of 24 and 96.
24
What is the greatest common factor of 377 and 26?
13
Calculate the greatest common factor of 53 and 159.
53
Calculate the greatest common factor of 168 and 24948.
84
Calculate the highest common divisor of 256 and 7744.
64
What is the highest common factor of 2759 and 356?
89
Calculate the greatest common factor of 296 and 6068.
148
What is the highest common divisor of 85 and 4505?
85
What is the greatest common divisor of 12133 and 11?
11
Calculate the greatest common factor of 10129 and 7.
7
What is the greatest common divisor of 210 and 120?
30
What is the greatest common divisor of 33 and 308?
11
What is the greatest common divisor of 506 and 46?
46
Calculate the greatest common divisor of 506 and 82225.
253
Calculate the highest common divisor of 117 and 225.
9
Calculate the greatest common factor of 6852 and 12.
12
Calculate the greatest common divisor of 22 and 218.
2
Calculate the highest common divisor of 13900 and 100.
100
What is the greatest common factor of 527 and 85?
17
Calculate the greatest common factor of 104 and 4342.
26
What is the highest common divisor of 1316 and 846?
94
What is the highest common divisor of 3465 and 1210?
55
What is the greatest common factor of 81 and 3?
3
Calculate the greatest common divisor of 1442 and 309.
103
What is the greatest common divisor of 944 and 64?
16
Calculate the highest common divisor of 230 and 69.
23
What is the highest common divisor of 10461 and 33?
33
Calculate the greatest common divisor of 6260 and 40.
20
What is the greatest common divisor of 47 and 38211?
47
What is the greatest common factor of 96 and 5840?
16
Calculate the greatest common divisor of 45345 and 5.
5
Calculate the highest common divisor of 180 and 612.
36
Calculate the greatest common divisor of 188 and 282.
94
What is the highest common factor of 5228 and 8?
4
Calculate the highest common factor of 1677 and 86.
43
Calculate the greatest common factor of 9 and 927.
9
Calculate the greatest common divisor of 1109 and 2.
1
Calculate the highest common divisor of 105 and 1554.
21
Calculate the greatest common factor of 1120 and 196.
28
Calculate the highest common factor of 127 and 1.
1
What is the greatest common divisor of 77 and 56?
7
Calculate the greatest common factor of 2180 and 100.
20
What is the greatest common factor of 1128 and 120?
24
Calculate the highest common divisor of 4 and 408.
4
What is the highest common divisor of 175 and 70?
35
Calculate the greatest common factor of 2080 and 13.
13
Calculate the highest common factor of 124 and 12.
4
What is the greatest common divisor of 396 and 1548?
36
What is the highest common divisor of 1786 and 38?
38
Calculate the highest common divisor of 12 and 876.
12
What is the highest common divisor of 66 and 42?
6
Calculate the greatest common factor of 407 and 777.
37
Calculate the greatest common factor of 610 and 25.
5
What is the greatest common divisor of 84 and 96?
12
Calculate the greatest common factor of 1 and 51.
1
Calculate the greatest common divisor of 9449 and 33.
11
Calculate the greatest common divisor of 50 and 9050.
50
What is the greatest common factor of 515 and 206?
103
Calculate the highest common divisor of 42 and 48.
6
Calculate the highest common factor of 608 and 8.
8
What is the greatest common divisor of 8984 and 24?
8
Calculate the highest common factor of 319 and 11.
11
Calculate the greatest common divisor of 532 and 836.
76
Calculate the greatest common factor of 456 and 26.
2
Calculate the greatest common factor of 248 and 62.
62
Calculate the greatest common divisor of 3 and 381.
3
Calculate the greatest common factor of 1250 and 1125.
125
Calculate the highest common factor of 121290 and 26.
26
What is the highest common divisor of 10 and 145?
5
Calculate the greatest common divisor of 4977 and 189.
63
What is the greatest common divisor of 258 and 15093?
129
Calculate the greatest common factor of 54221 and 59.
59
Calculate the greatest common factor of 66 and 21.
3
What is the highest common divisor of 451 and 44?
11
Calculate the greatest common divisor of 165 and 209.
11
Calculate the highest common factor of 2516 and 1564.
68
What is the highest common factor of 198 and 34?
2
What is the greatest common factor of 4599 and 73?
73
What is the greatest common divisor of 12712 and 112?
56
What is the highest common divisor of 558 and 124?
62
What is the greatest common factor of 4 and 47?
1
What is the highest common divisor of 936 and 9?
9
What is the greatest common factor of 3367 and 52?
13
What is the greatest common divisor of 33090 and 30?
30
What is the highest common divisor of 1486 and 1?
1
Calculate the greatest common factor of 300 and 45.
15
Calculate the highest common factor of 372 and 12927.
93
What is the highest common divisor of 320 and 144?
16
What is the highest common factor of 36 and 180?
36
What is the highest common factor of 431 and 1?
1
Calculate the highest common divisor of 9 and 198.
9
What is the greatest common divisor of 93 and 3?
3
Calculate the highest common divisor of 4958 and 222.
74
What is the highest common divisor of 28 and 2366?
14
Calculate the highest common factor of 198 and 88.
22
What is the greatest common divisor of 60 and 1146?
6
Calculate the highest common factor of 4 and 38.
2
What is the greatest common divisor of 17 and 391?
17
What is the greatest common divisor of 42 and 98?
14
What is the greatest common factor of 26271 and 189?
189
What is the highest common factor of 3321 and 123?
123
Calculate the greatest common factor of 110 and 4.
2
What is the greatest common divisor of 39 and 1131?
39
What is the greatest common divisor of 105 and 140?
35
What is the greatest common factor of 767 and 295?
59
What is the highest common factor of 195 and 2808?
39
Calculate the highest common divisor of 6309 and 27.
9
Calculate the highest common divisor of 39768 and 24.
24
What is the greatest common factor of 8 and 27848?
8
Calculate the highest common divisor of 5014 and 92.
46
What is the highest common factor of 5400 and 60?
60
What is the highest common divisor of 1161 and 559?
43
What is the greatest common divisor of 55 and 1105?
5
Calculate the greatest common divisor of 7036 and 4.
4
Calculate the greatest common factor of 75 and 1935.
15
Calculate the greatest common divisor of 408 and 48.
24
What is the highest common factor of 2010 and 165?
15
What is the greatest common divisor of 2960 and 720?
80
Calculate the highest common divisor of 64 and 6336.
64
What is the highest common factor of 6 and 5298?
6
What is the greatest common factor of 52 and 104?
52
Calculate the greatest common factor of 9652 and 532.
76
What is